 List the prime factors of l.
2, 7, 19
Let j(z) = 1533*z - 15. List the prime factors of j(1).
2, 3, 11, 23
Suppose -2*r - z = -10, r - 4*r - 5*z = -22. Suppose 2*l - 528 = -3*n, 3*n - 593 = -r*l + 457. What are the prime factors of l?
3, 29
Let k(d) = 2*d**2 - 4*d - 3. Let b(o) = o**3 + 9*o**2 - 9*o - 7. Let u be b(-10). Let p = -21 - u. List the prime factors of k(p).
3, 5
List the prime factors of -1 - (-15134)/10 - 165/(-275).
17, 89
Let l = -43 - -61. Let s = l + -9. Let k = 27 - s. List the prime factors of k.
2, 3
Let m(n) = -n**3 + 4*n**2 + 9*n - 4. Let g be m(6). Let a = g + 28. Suppose 0 = 4*v + 2*k - 132, -5*k - 112 = 3*v - a*v. List the prime factors of v.
2, 17
Let t = 141 - 145. List the prime factors of (-69147)/(-234) + (-2)/t*3.
3, 11
Let z = -46 + 129. Suppose 4*r + 4*k - z = 53, -4*r + 148 = -2*k. What are the prime factors of r?
2, 3
List the prime factors of -4 + (5 + -6 + -3)*-290.
2, 17
Suppose 5 = 2*v - 9. Let a = v - -37. List the prime factors of a.
2, 11
Let u(n) be the third derivative of -n**5/60 + 5*n**3/2 - 2*n**2. Let h be u(0). What are the prime factors of (-9)/(-15)*(h - 0)?
3
Let u(k) = 16*k - 19. Let b be u(8). Suppose 3*v - 143 = b. What are the prime factors of v?
2, 3, 7
Let a be 140/8*16/(-20). Let y = 33 + a. List the prime factors of y.
19
Let s(o) = 4*o + 56. Let l(z) = -z**3 + 6*z**2 + z - 6. Let q be l(6). What are the prime factors of s(q)?
2, 7
What are the prime factors of (1277/2)/((-13)/(-26))?
1277
Suppose -117 = -5*w + 43. Let d = 11 + w. List the prime factors of d.
43
Let t(s) = -3*s + 34. Suppose -k - 5*g + 5 - 32 = 0, 3*g + 9 = 3*k. Let b(z) = -4*z + 35. Let v(q) = k*b(q) + 3*t(q). List the prime factors of v(13).
19
Suppose 0 = -3*r + 3*g + 269 - 2, -3*g = r - 97. Let m = 29 + r. List the prime factors of m.
2, 3, 5
Let h(q) be the third derivative of q**4/24 + 41*q**3/6 - 28*q**2. What are the prime factors of h(23)?
2
Suppose 2*j - 1075 = 241. Suppose -11*n + 4*n = -j. What are the prime factors of n?
2, 47
List the prime factors of -2 + 1282/2 + (96 - 94).
641
Let s(l) = 21*l - 4. Let w(x) = -14*x + 3. Let i(v) = -5*s(v) - 8*w(v). List the prime factors of i(5).
31
Let s = -2548 + 3836. List the prime factors of s.
2, 7, 23
Let l be -1*(-2 - -3*4/(-6)). Suppose -l*t = -16, -2*d - 3*d = 3*t - 472. What are the prime factors of d?
2, 23
Let g(i) = i - 5. Let d(y) = -y**2 + 9*y + 10. Let w be d(10). Let a be g(w). List the prime factors of a + 3 + 8 - 3.
3
Suppose -13*p + 10*p = 0. Suppose p = -2*y + 12*y - 770. What are the prime factors of y?
7, 11
What are the prime factors of (495/(-36))/((-1)/(-4))*-8?
2, 5, 11
Let z(b) = -b**2 - 11*b - 1. Let g be z(-13). Let v = g + 196. What are the prime factors of v?
13
Let t(f) = 7*f**2 + 6*f - 21. What are the prime factors of t(5)?
2, 23
Let o(a) be the third derivative of -a**6/120 - a**5/5 + a**4/2 + 5*a**3 - 20*a**2. What are the prime factors of o(-13)?
43
Suppose 3*p = 3*r - 8859, -8879 = -3*r + 10*p - 11*p. List the prime factors of r.
2, 3, 17, 29
Let z = 31 - 29. Suppose k + 3*q = 1 + z, -28 = -4*k + 4*q. What are the prime factors of ((-8)/k)/((-1)/6)?
2
Suppose -2*t - 96 = -4*t. List the prime factors of (15/(-12))/((-2)/t).
2, 3, 5
What are the prime factors of ((-60)/(-72) - (-2)/(-6))*522?
3, 29
Let l be (113/(-4))/(1/(-4)). Suppose -d - 4*n = -l, -5*n - 50 = -d + 18. List the prime factors of d.
3, 31
Suppose 12*c + 1563 = 6519. What are the prime factors of c?
7, 59
Let x = 78 - 82. List the prime factors of (-2)/x*(370 + -8).
181
Let x(p) = p**3 + 15*p**2 + 11*p - 14. Let d(y) = y**3 + 2*y**2 - 5. Let c be d(-3). List the prime factors of x(c).
2, 7
Let j(p) = -114*p + 8. Let a be j(-3). Let q = a + -209. List the prime factors of q.
3, 47
Let g = 23 + -24. Let l = g - -4. Suppose l*p = -b + 3*b - 35, 2*b = -2*p + 40. List the prime factors of b.
19
Let a = 528 + -812. Let o = 464 + a. List the prime factors of o.
2, 3, 5
Let j = -194 - -100. Let n = -67 - j. What are the prime factors of n?
3
Let k(c) = 16*c - 12. Let b(x) = -1. Let y(u) = -3*b(u) - k(u). List the prime factors of y(-11).
191
Let w(i) be the first derivative of -2*i**3 + 2*i**2 + 1 - 1/4*i**4 + 6*i. What are the prime factors of w(-7)?
3
Let p be (-37)/(-2) + (-2)/(-4). Suppose 2*y - 48 = -4*y. Let x = p - y. What are the prime factors of x?
11
Suppose -2*i - 3*i = -5050. List the prime factors of i/18 - (-15)/(-135).
2, 7
Let t(p) = p**2 + 5*p - 14. Let l be t(-6). Let q(k) = k**2 + 9*k + 4. Let a be q(l). List the prime factors of (-9)/a*(-1 + 5).
3
Suppose 7*s - 10880 + 3761 = 0. List the prime factors of s.
3, 113
Let b(r) = r**2 - 9*r + 2. Let v(n) = n**2 + 5*n + 3. Let o be v(-6). Let a be b(o). Suppose -4*p + 8 = -a*p. List the prime factors of p.
2
Suppose -2 - 6 = 2*f. Let a = f - -2. Let s(k) = -k**3 - 3*k - 1. List the prime factors of s(a).
13
Let w = 56 + -40. Let s = 17 + w. What are the prime factors of s?
3, 11
Let f(b) = 3*b - 32. Let c be f(10). List the prime factors of 223 - (c*12/8 + 0).
2, 113
Suppose 189 = 4*p - 3. Suppose -1 = -7*n + p. What are the prime factors of n?
7
Let c be (-1)/3*(-66)/(-2). Let l be (c + 8)*(1 + -2). Suppose 0 = -l*p + 5 + 19. List the prime factors of p.
2
Let y be (-1 - -1)*2/(-2). Let n be (y - -1) + 1 - 1. List the prime factors of (-2 + 1)/(n/(-65)).
5, 13
Let v(q) = -5*q - 3. Let w be v(-9). Let u = w + -27. Suppose 0 = 2*p + 3 - u. List the prime factors of p.
2, 3
Let a = 49 + -76. Let q = 40 + a. Let o = -10 + q. List the prime factors of o.
3
Suppose -v + 2*v = -166. What are the prime factors of (-2 - v)/((-3)/((-15)/10))?
2, 41
Let a(o) = 2*o**2 + 5*o - 15. Let x be a(10). Let l = x - 399. What are the prime factors of 1/(3 - (-488)/l)?
41
What are the prime factors of (-3)/4 - (-3276)/16?
2, 3, 17
Let y = 8 + -15. Let l = y + 52. What are the prime factors of l?
3, 5
Let v be (18*(-2)/(-8) - 1)*-58. Let p = v - -328. List the prime factors of p.
5
Let s(u) = 2*u + 24. Suppose 7 = a - 5. Let g(x) = -1. Let l(k) = a*g(k) + s(k). List the prime factors of l(14).
2, 5
Let m be -1*2/(-2)*3 - -2. List the prime factors of ((-243)/6 + -3)*(m - 7).
3, 29
List the prime factors of -7 - 1177/(-22)*50.
2, 23, 29
Suppose 3*r - w = 31 + 50, -128 = -5*r + 4*w. Suppose -3*g + r = -98. What are the prime factors of g?
2, 3, 7
Suppose -9*c = -77*c + 90372. What are the prime factors of c?
3, 443
Let x(s) = -s - 12. Let i be x(-16). Suppose -3*l + 291 = -i*k - 0*k, 0 = 4*k. What are the prime factors of l?
97
Let v be 0 + 7 + (1 - 5). Suppose v*r = 3*j + 24, -3*r + 12 = -2*r + 3*j. List the prime factors of r.
3
Let i(u) be the third derivative of 1/10*u**5 + 0*u + 0 + 1/120*u**6 + 1/12*u**4 - 5*u**2 + 1/6*u**3. List the prime factors of i(-5).
2
Suppose 2*h = 4*p + 7*h - 26, p = 2*h. Suppose -370 = -p*u - 2. What are the prime factors of (u/28 + 1)*7?
2, 3, 5
Let f(c) = 3*c - 6. Let j(v) = 0*v - 5*v - 2 + 4*v**2 + 4*v + 3*v. Let m be j(-2). What are the prime factors of f(m)?
2, 3
Let g = -313 - -163. Let k = -98 - g. Suppose -3*c + i = 2*c - 44, -4*c + 5*i = -k. List the prime factors of c.
2
Suppose -5*w = -6 - 14. Suppose -72 = -2*q + w*v + v, -4 = v. What are the prime factors of q?
2, 13
Suppose -5*k - 5*p = -1180, -3*k - 4*p = -2*p - 707. List the prime factors of k.
5, 47
Let s = -5837 - -8431. What are the prime factors of s?
2, 1297
Let n = -59 - -64. Suppose -c + 5*c = -b + 76, -3*b + n*c = -245. List the prime factors of b.
2, 5
Let n(t) be the second derivative of t**5/20 + t**4/2 + t**3/6 + t**2 + 8*t. List the prime factors of n(-4).
2, 3, 5
Suppose 2*w - 110 = -5*l, 2*l - 5*w = 23 + 21. Let j = -19 + l. Suppose 0 = 8*a - j*a - 15. List the prime factors of a.
3
Suppose 2*l - 32 = l. Suppose 3*c - 158 = -5*g, c + g - 20 = l. What are the prime factors of c?
3, 17
Suppose -15*v = -13*v + 276. Let j = v + 269. What are the prime factors of j?
131
Let w be ((-8)/(-10))/(16/(-40)). Let m be 0/2*w/(-2). Suppose m*t = 3*t - 12, 4*n - 68 = 3*t. What are the prime factors of n?
2, 5
Suppose 6*w = w - 20. Let a = w - -13. List the prime factors of (1 - -20) + (a - 8).
2, 11
Let n(c) = -c**3 + 3*c**2 + 4. Let k be n(2). What are the prime factors of ((-8)/3)/((-7)/(1596/k))?
2, 19
Suppose 5*z = -20, 4*u 